 divided by 15?
7
Let k = -1 + 4. Suppose x + 21 - 5 = 0. Calculate the remainder when (-76)/x - 2/(-8) is divided by k.
2
Suppose -887 - 487 = -3*o. What is the remainder when o is divided by 58?
52
Let j(i) = -i**2 - 8*i - 3. Let l be j(-8). Let f = l - -42. Suppose -4*a + f = -a. What is the remainder when 37 is divided by a?
11
Let a(y) = y - 12. Let j be a(14). What is the remainder when 38 is divided by (j/3)/(40/780)?
12
Suppose -48 = -5*x + 2*x. Let r be 3*(33/(-6) + (-3)/(-18)). Let v = r - -61. What is the remainder when v is divided by x?
13
Let n(s) = s**3 - 4*s**2 - 4*s + 1. Let j(o) = -3*o + 3*o - 4 - 3*o + o**3 + 4*o**2. Calculate the remainder when j(-4) is divided by n(5).
2
Let j = -1374 + 1404. Calculate the remainder when 114 is divided by j.
24
Let d(m) = 5*m**2 - m - 2. Let j be d(-4). Suppose -u - u = -j. Suppose 3*a = 4*f - 46, 5*a = 2*f - u + 11. Calculate the remainder when 15 is divided by f.
5
Let h(k) = -k**2 + 16*k + 20. Let r be h(17). Let c(u) = -10*u**3 - 2*u**2 - u. What is the remainder when c(-1) is divided by (5 + -2 - r) + (-6)/(-2)?
0
Suppose -5*f = -f + 5*r - 74, 2*f + 4*r = 46. Suppose 3*y - y = -8. Let h = y - -11. Calculate the remainder when f is divided by h.
4
Suppose -u - 2*u = -93. Suppose -16*c + 531 = -1421. Calculate the remainder when c is divided by u.
29
Suppose -3833 = -18*a + 1441. Calculate the remainder when a is divided by 49.
48
Suppose -4*g = -5*j + 139, -g - 113 = -4*j + 4*g. What is the remainder when 53 is divided by j?
26
Let t = 138 + 47. Calculate the remainder when t is divided by 38.
33
Suppose 5 = -2*q + 4*g - 3, 3*g - 5 = 2*q. Calculate the remainder when -6*1/(-4)*2 is divided by q.
1
Let p(f) = 3*f + 56. What is the remainder when 131 is divided by p(14)?
33
Let p(x) = 2*x**2 - 80*x - 60. What is the remainder when p(41) is divided by 2?
0
Suppose -97 = -5*n + 723. Calculate the remainder when n is divided by 21.
17
Suppose -2*a + 130 = 5*m + a, -5*m + 130 = -3*a. Let p(b) = -b**3 + 55*b**2 + b + 73. Calculate the remainder when p(55) is divided by m.
24
Let s(u) = -u - 1. Let j(f) = -f. Let t(o) = j(o) - 2*s(o). Let c be t(0). Let w = c - -1. What is the remainder when 9 is divided by w?
0
Let s be ((-142)/(-10))/(6/30). Let o = s - 54. Calculate the remainder when 61 is divided by o.
10
Suppose 2*u + 20 = 7*u. Suppose 4*s - 8 = r + 3*r, 0 = 2*s + u*r - 4. Calculate the remainder when -2*s - (-2 + -39) is divided by 20.
17
Suppose -55 = 2*a - 13. Let t = a - -70. Let k = 16 - 6. What is the remainder when t is divided by k?
9
Suppose 0 = -18*p + 22*p - 4*o - 480, -4*o = 3*p - 332. Calculate the remainder when p is divided by 30.
26
Suppose -3*h + 8 = -10. Suppose 0 = -q + h*q. Suppose -2*w - 2 + 18 = q. Calculate the remainder when 30 is divided by w.
6
Suppose -262 = -3*h + a, -2*h + 360 = 2*h + 4*a. Suppose -30 + h = 2*j. Let s = -12 + 27. Calculate the remainder when j is divided by s.
14
Suppose 5*r + 1858 = 4*s + 363, 4*r - 5*s + 1187 = 0. Calculate the remainder when (r/(-9))/(2/(-3) + 1) is divided by 34.
33
Suppose 0*x - 3*x + 21 = 0. Let q = x + -5. Suppose -21 = -q*h - 3*i, 3*h + 3*i = 4*h - 33. Calculate the remainder when 52 is divided by h.
16
Suppose -171 + 700 = 23*n. What is the remainder when n is divided by 5?
3
Suppose 0*r - 12 = -r. Let c = 22 - 45. Let t = 45 + c. What is the remainder when t is divided by r?
10
Let f(u) = 10*u**2 + 4*u - 14. Let a(p) = -p**2 + p + 6. Let c be a(0). Let m(b) = 2*b**2 - 10*b + 6. What is the remainder when f(2) is divided by m(c)?
16
Suppose -2*o = -5*s + 10, -s - 1 = -4*o - 3. Suppose -24 + 54 = s*y. What is the remainder when y is divided by 9?
6
Let i = 43 - -7. Calculate the remainder when i is divided by 20.
10
Let f(n) = n**3 + 7*n**2 - n - 5. Let d be f(-7). Suppose 0 = 2*z + 4*q - 134, -57 = -z - 6*q + d*q. Calculate the remainder when z is divided by 16.
13
Let l(k) = -k**2 - 9*k - 3*k**2 + 2*k**2 + k**2. Let o(b) = -2*b + 10. Let i be o(9). Calculate the remainder when l(i) is divided by 3.
2
Suppose -4*t = -9 - 19. Let f = -9227 - -9267. What is the remainder when f is divided by t?
5
What is the remainder when 55 is divided by -3 + (5 - 6) + 18?
13
What is the remainder when (-410)/(-4) - (-30)/(-20) is divided by 17?
16
Calculate the remainder when 417 is divided by (167 - -1)/(0 - -2).
81
Suppose -10 = 3*z - 16. Suppose 0 = -z*g - 2*k + 10, 3*g - k - 57 + 22 = 0. Calculate the remainder when 79 is divided by g.
9
Suppose -6*m = -2*m + 44. Let s = 13 - m. Suppose 3*v - v - 2*w = s, 5*v - 4*w = 55. Calculate the remainder when v is divided by 2.
1
Let a = -11 + 70. Let h = 84 + -83. What is the remainder when a is divided by (225/(-60))/(h/(-4))?
14
Suppose 5*v - 2*g = -0*v + 58, -20 = 5*g. Suppose 23 - 103 = -4*i. Suppose 9 = u - i. What is the remainder when u is divided by v?
9
Suppose 0 = -4*k - 2*d + 30, 2*d = -3*k - 0*k + 24. Calculate the remainder when 244 is divided by 8/48 - (-245)/k.
39
Let m be (-97)/(-4) + 11/(-44). Let n = 43 - m. Calculate the remainder when 36 is divided by n.
17
Let a = -805 + 1210. Calculate the remainder when a is divided by 68.
65
Let d = 3 - -9. Suppose 14*f - 68 = d*f. Calculate the remainder when f is divided by 9.
7
Let m be -1*(1 + 0 - 2). Let v be 0 - (4 - 4)/(0 - 1). Calculate the remainder when 54 is divided by (0 + m + v)*19.
16
Let u = -2492 - -2781. What is the remainder when u is divided by 152?
137
Let q be 0 - 8*(-3)/3. What is the remainder when (-68)/(-102)*(66 - -3) is divided by q/((-1)/((-3)/2))?
10
Let g(u) = u + 4*u + 0*u + 9. Let t = 62 - 50. What is the remainder when g(5) is divided by t?
10
Let w(z) = z**2 - 8*z + 39. What is the remainder when w(10) is divided by 13?
7
Let o = -12 + 32. Let l(j) = 2*j - 9. What is the remainder when o is divided by l(10)?
9
Let n = -7 + 60. Suppose v + 4*u = 25, -n = -0*v - v + 3*u. Calculate the remainder when v is divided by 11.
8
Let d = -990 + 1008. What is the remainder when 46 is divided by d?
10
Let v(t) be the third derivative of -t**5/60 + 11*t**4/24 + 13*t**3/6 + 6*t**2. What is the remainder when v(9) is divided by 8?
7
Let s = -2 + 35. Suppose -j - l = -4, 0 = -3*j + 6*j - 3*l - 36. Let r = 4 + j. What is the remainder when s is divided by r?
9
Let v = -79 + 186. What is the remainder when v is divided by 10?
7
Suppose 7*o + 38 = 8*o. Suppose -4*k = -5*n - 72, -5*k + 39 = -3*n - 64. Let j = k - 3. Calculate the remainder when o is divided by j.
18
Suppose 2*i - 461 = -3*d, -739 = -5*d + 17*i - 13*i. Calculate the remainder when d is divided by 11.
8
Let v(y) = y**3 - 11*y**2 - 11*y - 5. Let f(t) = -2*t**2 + 24*t + 2. Calculate the remainder when v(12) is divided by f(12).
1
Let b = 134 - 38. Calculate the remainder when b is divided by (-6)/(-14) + 7946/406.
16
Calculate the remainder when (-14 - -15)*(127 + 0) is divided by 40.
7
Suppose -161 - 39 = -5*w. What is the remainder when 62 is divided by w?
22
What is the remainder when ((-2416)/(-40) - -4) + (-4)/10 is divided by 17?
13
Let z(a) = -5*a**2 - 58*a + 10. Calculate the remainder when z(-8) is divided by 40.
34
Calculate the remainder when 127 is divided by (-22)/(-33) + (-2)/3*-65.
39
Suppose 2*i = -4*y + 182, y - 410 = -6*i + i. What is the remainder when i is divided by (-21)/(9/(-3))*-1*-4?
25
Let y(u) = -u**2 + u + 3. What is the remainder when 93*(((2 + 4)/6)/1)/3 is divided by y(0)?
1
Let x(g) = -2*g**2 + 4*g + 20. Let t be x(4). Suppose -t*v = -71 - 13. What is the remainder when 34 is divided by v?
13
Suppose 15 - 550 = -5*f - 5*t, 2*t = 0. What is the remainder when f is divided by 37?
33
Let o(y) = -107 + 106 + 10*y**2 + y**2 - y. Let w be -1*2/4*2. Calculate the remainder when 32 is divided by o(w).
10
Let k = -30 - -50. Calculate the remainder when ((-2)/(-3))/(k/2070) is divided by 24.
21
Suppose 0 = 5*n - q - 686, 7 + 5 = 3*q. Suppose 11*a = 14*a - n. What is the remainder when a is divided by 10?
6
Let z(h) = -14*h - 2. Let n be z(6). Suppose 155 = 7*m + 78. Calculate the remainder when (n/(-8))/((-1)/(-4)) is divided by m.
10
Let v = 315 - 178. What is the remainder when v is divided by 37?
26
Let b = 2118 + -995. What is the remainder when b is divided by 15?
13
Let b = 812 + -792. What is the remainder when 111 is div